{"id":1187,"date":"2022-10-11T19:48:39","date_gmt":"2022-10-11T17:48:39","guid":{"rendered":"https:\/\/www.krisfyr.com\/shop\/produkt\/krisfyr-emblem-organic-zipper\/"},"modified":"2022-10-15T09:38:14","modified_gmt":"2022-10-15T07:38:14","slug":"krisfyr-emblem-organic-zipper","status":"publish","type":"product","link":"https:\/\/www.krisfyr.com\/shop\/shop\/krisfyr-emblem-organic-zipper\/","title":{"rendered":"KrisFyr Emblem &#8211; Organic Zipper"},"content":{"rendered":"<ul>\n<li>Material: 85 % Baumwolle (Bio-Qualit\u00e4t, gek\u00e4mmt, ringgesponnen), 15 % Polyester (recycelt)<\/li>\n<li>Grammatur:&nbsp;300 g\/m\u00b2<\/li>\n<li>Schnitt: normale Passform<\/li>\n<li>K\u00e4ngurutasche mit Flatlock-Absteppung<\/li>\n<li>Eingesetzte \u00c4rmel<\/li>\n<li>Runde gleichfarbige Kordel<\/li>\n<li>Kordelenden aus Metall<\/li>\n<li>Nackenband und Rei\u00dfverschlussinnenseite mit Fischgr\u00e4tmuster<\/li>\n<li>Doppelabsteppung an \u00c4rmelans\u00e4tzen, \u00c4rmelenden und unterem Saum<\/li>\n<\/ul>\n<p><img src='https:\/\/printassets.s3.eu-west-1.amazonaws.com\/sizecharts\/size_chart_organic_zipper.svg' \/><\/p>\n","protected":false},"excerpt":{"rendered":"<p>Material: 85 % Baumwolle (Bio-Qualit\u00e4t, gek\u00e4mmt, ringgesponnen), 15 % Polyester (recycelt) Grammatur:&nbsp;300 g\/m\u00b2 Schnitt: normale Passform K\u00e4ngurutasche mit Flatlock-Absteppung Eingesetzte \u00c4rmel Runde gleichfarbige Kordel Kordelenden aus Metall Nackenband und Rei\u00dfverschlussinnenseite mit Fischgr\u00e4tmuster Doppelabsteppung an \u00c4rmelans\u00e4tzen, \u00c4rmelenden und unterem Saum<\/p>\n","protected":false},"featured_media":1182,"comment_status":"open","ping_status":"closed","template":"","meta":[],"product_brand":[],"product_cat":[38,58,55,57],"product_tag":[],"class_list":{"0":"post-1187","1":"product","2":"type-product","3":"status-publish","4":"has-post-thumbnail","6":"product_cat-kleidung","7":"product_cat-merch","8":"product_cat-winter","9":"product_cat-zipper","10":"pa_farbe-anthracite","11":"pa_farbe-burgundy","12":"pa_farbe-dark-heather-blue","13":"pa_farbe-dark-heather-grey","14":"pa_farbe-french-navy","15":"pa_groesse-3xl","16":"pa_groesse-l","17":"pa_groesse-m","18":"pa_groesse-s","19":"pa_groesse-xl","20":"pa_groesse-xxl","22":"first","23":"instock","24":"taxable","25":"shipping-taxable","26":"purchasable","27":"product-type-variable"},"jetpack_sharing_enabled":true,"_links":{"self":[{"href":"https:\/\/www.krisfyr.com\/shop\/wp-json\/wp\/v2\/product\/1187","targetHints":{"allow":["GET"]}}],"collection":[{"href":"https:\/\/www.krisfyr.com\/shop\/wp-json\/wp\/v2\/product"}],"about":[{"href":"https:\/\/www.krisfyr.com\/shop\/wp-json\/wp\/v2\/types\/product"}],"replies":[{"embeddable":true,"href":"https:\/\/www.krisfyr.com\/shop\/wp-json\/wp\/v2\/comments?post=1187"}],"wp:featuredmedia":[{"embeddable":true,"href":"https:\/\/www.krisfyr.com\/shop\/wp-json\/wp\/v2\/media\/1182"}],"wp:attachment":[{"href":"https:\/\/www.krisfyr.com\/shop\/wp-json\/wp\/v2\/media?parent=1187"}],"wp:term":[{"taxonomy":"product_brand","embeddable":true,"href":"https:\/\/www.krisfyr.com\/shop\/wp-json\/wp\/v2\/product_brand?post=1187"},{"taxonomy":"product_cat","embeddable":true,"href":"https:\/\/www.krisfyr.com\/shop\/wp-json\/wp\/v2\/product_cat?post=1187"},{"taxonomy":"product_tag","embeddable":true,"href":"https:\/\/www.krisfyr.com\/shop\/wp-json\/wp\/v2\/product_tag?post=1187"}],"curies":[{"name":"wp","href":"https:\/\/api.w.org\/{rel}","templated":true}]}}